?
4
What is the greatest common divisor of 29300 and 2051?
293
Calculate the highest common factor of 88 and 300256.
88
Calculate the greatest common factor of 16238 and 414.
46
Calculate the greatest common factor of 1035 and 26220.
345
Calculate the highest common divisor of 45 and 2924.
1
What is the highest common factor of 90 and 1403325?
45
What is the greatest common divisor of 17872 and 144?
16
What is the greatest common divisor of 21975 and 510?
15
Calculate the highest common factor of 10 and 2084690.
10
What is the greatest common divisor of 1 and 6637?
1
What is the highest common factor of 8 and 83760?
8
Calculate the greatest common factor of 252 and 51618.
42
What is the highest common factor of 24090 and 660?
330
Calculate the highest common divisor of 87303 and 6.
3
Calculate the greatest common divisor of 51 and 14337.
3
Calculate the greatest common factor of 770 and 345290.
110
What is the highest common factor of 430698 and 276?
138
Calculate the highest common factor of 681120 and 18447.
1419
What is the greatest common divisor of 115 and 13885?
5
Calculate the highest common factor of 176 and 19756.
44
Calculate the greatest common factor of 86 and 1097.
1
Calculate the greatest common divisor of 92 and 164588.
92
What is the greatest common divisor of 50 and 11123050?
50
Calculate the greatest common divisor of 279150 and 450.
150
What is the highest common divisor of 194 and 204767?
97
What is the highest common factor of 15 and 46270?
5
Calculate the greatest common divisor of 668 and 1700.
4
Calculate the greatest common divisor of 44392 and 24.
8
What is the highest common factor of 280 and 23460?
20
What is the highest common factor of 721 and 53663?
103
What is the highest common divisor of 25780 and 80?
20
What is the highest common divisor of 133 and 67697?
133
Calculate the highest common divisor of 93 and 37200.
93
What is the highest common divisor of 297453 and 263?
263
What is the greatest common divisor of 291 and 26093?
97
Calculate the greatest common divisor of 153 and 249764.
17
Calculate the greatest common factor of 156314 and 2.
2
What is the highest common factor of 25197 and 37?
37
Calculate the greatest common divisor of 4 and 24146.
2
Calculate the highest common divisor of 11419 and 18631.
601
Calculate the greatest common factor of 23 and 740209.
23
Calculate the highest common factor of 1173 and 3097111.
391
Calculate the highest common factor of 18135 and 1305.
45
What is the highest common factor of 448362 and 29394?
414
What is the highest common divisor of 108 and 164604?
12
Calculate the highest common divisor of 177 and 118.
59
Calculate the highest common divisor of 35 and 14067305.
35
Calculate the greatest common divisor of 103501 and 166.
83
What is the greatest common divisor of 58 and 3570509?
29
What is the greatest common divisor of 1395 and 15097?
31
Calculate the highest common factor of 10000 and 16400.
400
What is the highest common divisor of 280917 and 351?
117
What is the greatest common divisor of 37688 and 2191?
7
Calculate the highest common divisor of 118 and 1206.
2
Calculate the highest common divisor of 296225 and 533.
41
What is the highest common divisor of 810 and 197910?
270
What is the highest common divisor of 68799 and 852?
213
Calculate the highest common factor of 1220 and 2840.
20
What is the greatest common divisor of 236 and 46964?
236
Calculate the highest common factor of 49 and 12621.
7
What is the greatest common divisor of 10575 and 21714?
141
What is the greatest common divisor of 2538258 and 4?
2
What is the greatest common factor of 225643 and 7227?
803
Calculate the highest common divisor of 638 and 5339103.
319
What is the highest common divisor of 15 and 640580?
5
Calculate the greatest common divisor of 167355 and 90.
45
What is the greatest common divisor of 812 and 14819?
203
What is the greatest common factor of 455 and 37635?
65
Calculate the highest common divisor of 1840 and 291065.
115
Calculate the greatest common divisor of 21 and 4621295.
7
What is the greatest common factor of 194980 and 180?
20
What is the greatest common divisor of 11 and 958969?
11
What is the greatest common divisor of 746011 and 153?
17
What is the highest common factor of 876 and 308133?
219
What is the greatest common factor of 1239 and 146556?
177
Calculate the highest common divisor of 73035 and 15.
15
What is the highest common factor of 130 and 101550?
10
What is the greatest common factor of 946812 and 24?
12
Calculate the greatest common divisor of 305 and 6161.
61
Calculate the greatest common divisor of 1603 and 602.
7
Calculate the highest common factor of 16458 and 130.
26
Calculate the highest common divisor of 72017 and 132.
11
What is the highest common factor of 267 and 21627?
267
Calculate the greatest common divisor of 176151 and 213.
213
Calculate the highest common divisor of 48660 and 240.
60
Calculate the highest common divisor of 1 and 161074.
1
Calculate the highest common factor of 5747258 and 127.
127
Calculate the highest common divisor of 870 and 10498.
58
Calculate the highest common factor of 596 and 16837.
149
What is the highest common divisor of 4320 and 12500?
20
Calculate the greatest common factor of 1655 and 55.
5
What is the highest common factor of 96 and 30594?
6
Calculate the greatest common divisor of 136719 and 99.
99
Calculate the highest common divisor of 3824 and 482302.
478
What is the greatest common divisor of 5436 and 9780?
12
What is the highest common divisor of 107287 and 17?
17
Calculate the highest common factor of 39 and 131469.
39
Calculate the greatest common factor of 2392380 and 180.
180
Calculate the highest common factor of 60450 and 47554.
806
Calculate the greatest common divisor of 59696 and 351.
13
What is the highest common divisor of 1920 and 19776?
192
Calculate the greatest common factor of 463408 and 176.
176
What is the greatest common factor of 3323470 and 3010?
430
What is the highest common divisor of 115942 and 58?
58
Calculate the highest common divisor of 90 and 2388990.
30
What is the highest common factor of 9084 and 192?
12
Calculate the greatest common divisor of 142704 and 504.
72
What is the highest common factor of 7595 and 30?
5
What is the highest common divisor of 84 and 1997562?
42
What is the highest common divisor of 108 and 53226?
18
What is the greatest common divisor of 47 and 60677?
47
Calculate the highest common factor of 151961 and 46.
23
What is the highest common divisor of 14152 and 3944?
232
Calculate the greatest common factor of 18200 and 728.
728
Calculate the greatest common factor of 425 and 241400.
425
Calculate the highest common divisor of 603 and 873.
9
What is the greatest common factor of 9 and 22176846?
9
Calculate the greatest common factor of 3161 and 24743.
109
What is the highest common factor of 298044 and 68?
68
What is the greatest common factor of 387453 and 11?
11
Calculate the highest common divisor of 5271 and 6909.
21
What is the greatest common factor of 10669 and 92843?
227
Calculate the greatest common factor of 11031 and 6.
3
Calculate the greatest common divisor of 3652 and 220.
44
Calculate the highest common divisor of 299 and 30446.
13
Calculate the highest common factor of 44377 and 892.
223
What is the greatest common factor of 1824 and 25952?
32
Calculate the highest common divisor of 6578 and 4706.
26
What is the highest common divisor of 400637 and 69?
23
What is the highest common divisor of 1523 and 12621101?
1523
Calculate the greatest common factor of 15 and 49359.
3
What is the greatest common divisor of 124992 and 32760?
504
Calculate the highest common factor of 858 and 4422.
66
Calculate the highest common divisor of 182 and 1988.
14
Calculate the greatest common factor of 64 and 6968768.
64
Calculate the highest common divisor of 21645 and 1815.
15
What is the greatest common divisor of 46206 and 2601?
153
Calculate the highest common factor of 408466 and 2.
2
What is the greatest common divisor of 12324 and 780?
156
Calculate the highest common factor of 1089 and 2367.
9
Calculate the greatest common factor of 1081399 and 407.
407
Calculate the highest common factor of 1704 and 150.
6
Calculate the highest 